-5))/((-7)/35) a composite number?
False
Suppose 3 = y, -2*s = -3*y + y + 9246. Is s/(-48) + (-3)/(-4) a prime number?
True
Suppose -8*m + 5*k = -3*m - 20, -4*k - 16 = m. Suppose m = f + 4*f - 415. Is f composite?
False
Let w(q) = 861*q - 4. Is w(3) a composite number?
False
Suppose 4*g - 114 = g. Is g a composite number?
True
Let g = 81 + 100. Is g composite?
False
Suppose 3*u = -2*u + 275. Is u prime?
False
Suppose 0 = 2*d + d - 2823. Is d a composite number?
False
Suppose 3*j + 5*m - 47 = 31, j = -3*m + 26. Is j prime?
False
Suppose 6*b + 71 = 1877. Is b composite?
True
Let z(r) = r - 12. Let i be z(14). Suppose 3*b - 51 - 87 = 0. Suppose -2*q = -i*h - 0*h - b, -h = q - 27. Is q a prime number?
False
Suppose 0 = -8*j + 18*j - 16930. Is j a composite number?
False
Let g = -1665 - -595. Is 30/(-40) - g/8 a prime number?
False
Suppose -h + 0*h = -5*n + 33, -n - 3*h + 13 = 0. Is n a prime number?
True
Let z(i) = 25 + 21 + i + 21. Is z(0) a prime number?
True
Suppose -3*w = -49 - 128. Is w a prime number?
True
Suppose -h + 2539 = -4*b + 644, -5*b = -15. Is h a prime number?
True
Suppose t + 3*v - 158 = 0, 15 + 309 = 2*t - 2*v. Is t prime?
False
Let q = 1 + -6. Let c(h) = 7*h**2 - 2*h + 2. Is c(q) composite?
True
Let x(z) = 7*z + 9. Let j(l) = 28*l + 36. Let r(h) = 2*j(h) - 9*x(h). Let v be (12/(-30))/((-1)/(-15)). Is r(v) prime?
False
Suppose 1 = 2*w - 225. Is w prime?
True
Is (-1)/1 - (-1576)/((-2)/(-1)) a prime number?
True
Suppose 3*n + 20 = -2*n. Let x be ((-2)/(-6))/(n/(-1332)). Let h = x + 16. Is h a composite number?
False
Suppose 6*y = 19*y - 14963. Is y prime?
True
Suppose -5*v + 728 = 3*q, 0 = 2*q - 0*v - 3*v - 517. Suppose 3*b - q = -86. Is b composite?
True
Suppose 2*f + f - 3 = 0, -3*q + 3*f - 18 = 0. Let p(k) = -2*k - 3. Is p(q) a composite number?
False
Let d(w) be the second derivative of -51*w**5/20 + w**4/12 + w**3/3 + w**2/2 - 4*w. Is d(-1) a composite number?
True
Suppose a - 2 = -0. Suppose 0 = -3*t - a*z + 391, 165 + 69 = 2*t - 4*z. Is t a prime number?
True
Is ((-1524)/30)/(2/(-5)) composite?
False
Let p(t) = 23*t - 4. Let c be p(4). Suppose c = z - 31. Is z prime?
False
Is (-2972)/(-8) + (-1)/2 composite?
True
Let j = -33 + 75. Suppose 2*m - 26 = j. Is m prime?
False
Is 422*(-4 - 36/(-8)) a composite number?
False
Let b(r) = -70*r - 19. Is b(-5) a prime number?
True
Let l be ((-2180)/(-8) + 2)*4. Let v = l - 659. Is v composite?
False
Suppose -2*j - 104 = 2*t, 5*j = 5*t + 40 - 300. Is (1 - j)/(0 + 1) composite?
False
Suppose -j - 4 = -2*c, 2*j + 19 = 7*j + 3*c. Suppose 6 = -j*g + 184. Is g a composite number?
False
Let g = 413 - 251. Suppose 2*t - g = 214. Suppose -2*m = -6*m + t. Is m a prime number?
True
Let j be 11/(-4) - (-2)/(-8). Let m be (62/(-4))/(j/6). Let d = -18 + m. Is d a prime number?
True
Let k(b) = -b**3 - 2*b**2 - b + 10. Is k(-7) prime?
False
Suppose -m + 0 = 6. Is 0 + 2 - (-363 + m) composite?
True
Suppose -5*f + 3*f = -6. Suppose -2*o + 22 = 4*v, -f*v = -5*o + 34 + 21. Is o prime?
True
Let t(d) = 5*d**2 + 4*d + 4. Let l = -7 + 4. Is t(l) prime?
True
Let m(g) = 29*g - 12. Is m(7) a prime number?
True
Suppose 20927 = 22*q - 215. Is q prime?
False
Let p(d) = -2*d**2 + 9*d + 5. Let x be p(-9). Let j = x + 405. Is j a composite number?
False
Let i(p) = -p. Let s be i(0). Suppose -2*l - l - 4*m = -665, -2*l + 3*m + 449 = s. Is l prime?
True
Is 27/45 + (-584)/(-10) a composite number?
False
Is (-1)/8 + ((-235053)/24)/(-7) a composite number?
False
Let y be (8/3)/((-4)/(-18)). Let p = -5 + y. Is p prime?
True
Suppose 0 = 3*h + w - 3490, 3*h - 5*w - 3484 = -0*h. Is h composite?
False
Suppose 4 + 6 = 5*z. Suppose z*g - 4*y + y - 845 = 0, -2*g + 5*y = -855. Is g a composite number?
True
Suppose -102 = -b - 5*t + 79, -4*b + t + 724 = 0. Is b composite?
False
Let h = 814 - -981. Is h a composite number?
True
Let i = 78 + -201. Let f be i/(-2)*(-4)/(-3). Let k = f + -23. Is k composite?
False
Suppose 0 = 2*d - f - 109 - 60, 0 = 5*d - 5*f - 410. Suppose v + 2*g - d = 0, -5*v + 415 = 5*g - 0*g. Is v composite?
False
Let r(b) = -b**3 - b**2 + 5. Let j be 6/(-8) + (-84)/16. Let k be r(j). Suppose 5*o = -0*o + k. Is o composite?
False
Suppose -3*q + 2*z + 100 = 7*z, 3*q + 4*z = 95. Let b = 70 + q. Is b a prime number?
False
Let w(v) = 33*v - 3. Let b(g) = 11*g - 3 - 2 + 56*g. Let u(c) = -2*b(c) + 5*w(c). Is u(4) prime?
False
Suppose 2*c = 3*k - 2667, -5*k + 0*c + 4426 = 3*c. Is k composite?
False
Let a(y) be the third derivative of y**4/6 - y**3/6 - 2*y**2. Let q be a(1). Is 1 + q*52/3 a prime number?
True
Suppose k - 6*k + 15 = 5*x, 5*x - 11 = -3*k. Suppose -2*n + k = -0*n. Suppose n = -z + 8. Is z composite?
False
Let h be ((-2)/(-4))/((-9)/108). Let n = h - -6. Is (24 - n) + 4/4 a composite number?
True
Suppose -2*z + 369 = 4*p - 1441, 0 = -5*p - 5. Is z a composite number?
False
Let s(h) be the second derivative of -5/2*h**2 - 1/12*h**4 - 17/6*h**3 - 2*h + 0. Is s(-7) a composite number?
True
Suppose 5*j + 177 = 2*y, 2*j - 1 = -7. Let w = 1178 + y. Is w composite?
False
Suppose -4*w = 4*d - d - 6, 19 = -5*d + 3*w. Is 1 - -8 - (d - -4) a composite number?
False
Suppose 3*w - 40 = -x, 149 = 3*x + x + w. Is x prime?
True
Let q(u) = u + 8. Let j be q(-8). Suppose -s + j*s = -5. Suppose 2*t = -s*w + 22, 2*t - 2*w = 3*w + 2. Is t prime?
False
Let a(x) be the third derivative of 7*x**4/24 - x**3/3 + 2*x**2. Let d be a(-3). Is 2/(-3) - d/3 prime?
True
Let y(u) = 5*u + 6. Let h(m) = -14*m - 17. Let c(r) = 4*h(r) + 11*y(r). Let n be c(-5). Let g = n - 0. Is g a composite number?
False
Suppose y + 13 = 4*u, u + 2*y - 2 = y. Let g be 1*u/(-6)*-6. Suppose 63 - 6 = g*s. Is s a composite number?
False
Is (-8)/(-40) + 3714/5 composite?
False
Suppose 5*s = -0*s. Suppose 2*m - 581 - 51 = s. Is ((-4)/8)/((-2)/m) a composite number?
False
Let d(x) = -1 - 12*x**2 + 14*x**2 + 35*x**2 - x + 10*x**2. Is d(-1) a prime number?
True
Let q(u) = 54*u + 1. Let o = -8 - -4. Let s be (o/12)/(2/(-6)). Is q(s) composite?
True
Suppose 3*n + 7 = -i + 76, 5*i + 3*n - 297 = 0. Let y be 3/(-15) - 1/(-5). Suppose f + i = -y*a + a, 4*a = -f + 208. Is a a prime number?
True
Let c(t) = t**3 - 5*t**2 - 6*t - 4. Let d be c(6). Let h(n) = -2*n - 5. Is h(d) prime?
True
Let q(u) = -4*u**2 + 3*u + 1. Let i(p) = -p + 3. Let r be i(7). Let a(s) = -1. Let c(x) = r*a(x) - q(x). Is c(2) a composite number?
False
Let j = 31 - 108. Let s = 132 + j. Is s composite?
True
Suppose 5*b + 1542 = 5*s - 4*s, -5*b = 3*s - 4726. Is s a composite number?
False
Let h(y) = 21*y**3 - 3*y**2 + 3*y - 1. Is h(2) prime?
False
Let h = -162 + 943. Is h composite?
True
Suppose h - 5 = 2. Is 410/h + (-6)/(-14) a prime number?
True
Let w = -1 - 2. Let i = w - -6. Let k = 13 - i. Is k composite?
True
Let p(j) = -4*j - 1. Let d be (3 - 0)*(-14)/(-21). Let c be p(d). Is (-152)/(-3) + (-3)/c a prime number?
False
Let g(i) = 2*i**2 - 10*i - 3. Suppose -3*r + 3*w - 28 = -100, -5*w - 20 = 0. Let h be 5/(-2)*(-72)/r. Is g(h) prime?
False
Suppose 229 - 14 = 5*g. Let o = -6 + g. Is o a composite number?
False
Suppose 0 = -4*o - 5*i + 117, -3*i = o - 2*i - 28. Suppose 0 = 4*q - 16, -4*u - 146 = -7*u - 5*q. Let f = o + u. Is f a composite number?
True
Suppose 5*d - r - 12 = 0, 0 = 5*d - 4*r + 5*r - 8. Suppose 2*k - 3*g = 0, -d*k - 2 = -3*g - g. Is k composite?
False
Let w(x) = -10*x**3 - 11*x**2 + x - 1. Is w(-6) prime?
False
Let w(s) = -s**2 + 10*s - 11. Let k be w(8). Let g(z) = -2*z + 3. Let u be g(k). Let i = u + 44. Is i a prime number?
True
Suppose -2*c + 2*h - 3474 = 0, 5*h = -c + 5*c + 6945. Let b = c + 2441. Is b a composite number?
False
Let d(u) = 2*u**2 - 3*u + 1361. Is d(0) prime?
True
Let n = 274 + -147. Is n a prime number?
True
Let r(x) = -21*x**2 + 3*x - 8. Let w(p) = p**2 + p - 1. Let i(l) = -r(l) + 3*w(l). Is i(4) composite?
False
Let i(v) = -v**2 + 8*v - 3. Let m be i(7). Is 4/8 + 642/m a composite number?
True
Let a(s) be the first derivative of 16*s**3/3 + s**2 - s + 3. Is a(-5) a composite number?
False
Suppose 0 = -3*b, 10 = -6*a + a - 4*b. Let h(t) = 9*t**2 - 1 + t - 2*t + 2*t. Is h(a) prime?
False
Suppose 5*o = o + 644. Is o composite?
True
Let w be (2 - 1340)/2*-1. Suppose 0*h = 3*h - w. Is h a prime number?
True
Let a be ((-2901)/12)/(3/(-12)). Suppose -5*s + a = -88. Is s 